{"id":193,"date":"2021-03-09T16:13:07","date_gmt":"2021-03-09T15:13:07","guid":{"rendered":"http:\/\/www.lingvist.de\/?page_id=193"},"modified":"2021-03-09T16:16:52","modified_gmt":"2021-03-09T15:16:52","slug":"dolmetschtechniken","status":"publish","type":"page","link":"https:\/\/www.lingvist.de\/?page_id=193","title":{"rendered":"Dolmetschtechniken"},"content":{"rendered":"<p>Gerne helfe ich Ihnen bei Ihrem Anliegen mit folgenden Dolmetschtechniken weiter:<\/p>\n<ul>\n<li><strong><em>Konsekutivdolmetschen\u00a0<\/em><\/strong><em>(zeitversetzt)<\/em><\/li>\n<li><strong><em>Simultandolmetschen\u00a0<\/em><\/strong><em>(zeitgleich)<\/em><\/li>\n<li><strong><em>Fl\u00fcsterdolmetschen\u00a0<\/em><\/strong><em>(zeitversetzt und\/oder zeitgleich)<\/em><\/li>\n<\/ul>\n<p>In der Tat greife ich in meiner Dolmetschpraxis des \u00d6fteren auf <strong><em>das beidseitige<\/em><\/strong> <strong><em>Konsekutivdolmetschen <\/em><\/strong>und stehe meinen Kunden bei solchen g\u00e4ngigen Dolmetschsituationen zur Seite: Alle drei Techniken k\u00f6nnen einseitig und zweiseitig aufgef\u00fchrt werden. \u00dcber <strong><em>einseitiges Dolmetschen<\/em><\/strong> spricht man dann, wenn das Dolmetschen von einer Sprache in die andere stattfindet. \u00dcber <strong><em>zweiseitiges Dolmetschen<\/em><\/strong> spricht man dementsprechend dann, wenn das Dolmetschen von einer Sprache in die andere und umgekehrt stattfindet. In Deutschland wird die letzte Variante am meisten gefragt, genauso wie das <strong><em>Konsekutivdolmetschen. <\/em><\/strong>Die meisten Kunden assoziiert diese nicht ohne Grund mit dem Begriff der m\u00fcndlichen \u00dcbersetzung.<\/p>\n<ul>\n<li>beim Notar (Vertr\u00e4ge, Vollmachten, Kaufvertr\u00e4ge, Ehevertr\u00e4ge und sonstige notarielle Urkunden),<\/li>\n<li>beim Standesamt (Anmeldung der Eheschlie\u00dfung, Eheschlie\u00dfung, Namens\u00e4nderungen und andere),<\/li>\n<li>bei gesch\u00e4ftlichen Verhandlungen, Seminaren, Firmenbesuchen,<\/li>\n<li>und leiste medizinisches Dolmetschen bei \u00c4rzten und in Kliniken.<\/li>\n<\/ul>\n<p>Man kann das Leben jedoch nicht auf streng definierte Rahmenbedingungen beschr\u00e4nken. Es kennt auch keinen Stillstand: Daher trifft man zus\u00e4tzlich zu diesen Dolmetschsituationen auch auf Telefon-, Skype- und Videokonferenzdolmetschen.<\/p>\n<p>Welche Dolmetschtechnik Sie auch ben\u00f6tigen, ich helfe Ihnen gerne weiter. Kontaktieren Sie mich einfach per Telefon +4940 6304561 oder schreiben Sie mir<a href=\"mailto:info@lingvist.de\"> info@lingvist.de<\/a> und wir werden gemeinsam eine bestm\u00f6gliche L\u00f6sung f\u00fcr Ihr pers\u00f6nliches Anliegen finden.<\/p>\n<p>&nbsp;<\/p>\n<p>&nbsp;<\/p>\n","protected":false},"excerpt":{"rendered":"<p>Gerne helfe ich Ihnen bei Ihrem Anliegen mit folgenden Dolmetschtechniken weiter: Konsekutivdolmetschen\u00a0(zeitversetzt) Simultandolmetschen\u00a0(zeitgleich) Fl\u00fcsterdolmetschen\u00a0(zeitversetzt und\/oder zeitgleich) In der Tat greife ich in meiner Dolmetschpraxis des \u00d6fteren auf das beidseitige Konsekutivdolmetschen &#8230;<\/p>\n","protected":false},"author":1,"featured_media":0,"parent":0,"menu_order":0,"comment_status":"closed","ping_status":"closed","template":"","meta":[],"_links":{"self":[{"href":"https:\/\/www.lingvist.de\/index.php?rest_route=\/wp\/v2\/pages\/193"}],"collection":[{"href":"https:\/\/www.lingvist.de\/index.php?rest_route=\/wp\/v2\/pages"}],"about":[{"href":"https:\/\/www.lingvist.de\/index.php?rest_route=\/wp\/v2\/types\/page"}],"author":[{"embeddable":true,"href":"https:\/\/www.lingvist.de\/index.php?rest_route=\/wp\/v2\/users\/1"}],"replies":[{"embeddable":true,"href":"https:\/\/www.lingvist.de\/index.php?rest_route=%2Fwp%2Fv2%2Fcomments&post=193"}],"version-history":[{"count":3,"href":"https:\/\/www.lingvist.de\/index.php?rest_route=\/wp\/v2\/pages\/193\/revisions"}],"predecessor-version":[{"id":196,"href":"https:\/\/www.lingvist.de\/index.php?rest_route=\/wp\/v2\/pages\/193\/revisions\/196"}],"wp:attachment":[{"href":"https:\/\/www.lingvist.de\/index.php?rest_route=%2Fwp%2Fv2%2Fmedia&parent=193"}],"curies":[{"name":"wp","href":"https:\/\/api.w.org\/{rel}","templated":true}]}}