{"id":204,"date":"2021-03-09T16:19:34","date_gmt":"2021-03-09T15:19:34","guid":{"rendered":"http:\/\/www.lingvist.de\/?page_id=204"},"modified":"2021-03-09T16:19:34","modified_gmt":"2021-03-09T15:19:34","slug":"fluesterdolmetschen-zeitversetzt-und-oder-zeitgleich","status":"publish","type":"page","link":"https:\/\/www.lingvist.de\/?page_id=204","title":{"rendered":"Fl\u00fcsterdolmetschen (zeitversetzt und\/oder zeitgleich)"},"content":{"rendered":"<p>Gedolmetscht wird f\u00fcr maximal zwei Personen. Der Dolmetscher sitzt zwischen oder hinter seinen Zuh\u00f6rern und spricht ihnen die Verdolmetschung sehr leise zu.<\/p>\n<p><em>Geeignet f\u00fcr<\/em>:<\/p>\n<ul>\n<li>kleine Veranstaltungen bei denen eine oder zwei Personen die Sprache, in der die Veranstaltung stattfindet, nicht beherrschen<\/li>\n<\/ul>\n","protected":false},"excerpt":{"rendered":"<p>Gedolmetscht wird f\u00fcr maximal zwei Personen. Der Dolmetscher sitzt zwischen oder hinter seinen Zuh\u00f6rern und spricht ihnen die Verdolmetschung sehr leise zu. Geeignet f\u00fcr: kleine Veranstaltungen bei denen eine oder &#8230;<\/p>\n","protected":false},"author":1,"featured_media":0,"parent":0,"menu_order":0,"comment_status":"closed","ping_status":"closed","template":"","meta":[],"_links":{"self":[{"href":"https:\/\/www.lingvist.de\/index.php?rest_route=\/wp\/v2\/pages\/204"}],"collection":[{"href":"https:\/\/www.lingvist.de\/index.php?rest_route=\/wp\/v2\/pages"}],"about":[{"href":"https:\/\/www.lingvist.de\/index.php?rest_route=\/wp\/v2\/types\/page"}],"author":[{"embeddable":true,"href":"https:\/\/www.lingvist.de\/index.php?rest_route=\/wp\/v2\/users\/1"}],"replies":[{"embeddable":true,"href":"https:\/\/www.lingvist.de\/index.php?rest_route=%2Fwp%2Fv2%2Fcomments&post=204"}],"version-history":[{"count":1,"href":"https:\/\/www.lingvist.de\/index.php?rest_route=\/wp\/v2\/pages\/204\/revisions"}],"predecessor-version":[{"id":206,"href":"https:\/\/www.lingvist.de\/index.php?rest_route=\/wp\/v2\/pages\/204\/revisions\/206"}],"wp:attachment":[{"href":"https:\/\/www.lingvist.de\/index.php?rest_route=%2Fwp%2Fv2%2Fmedia&parent=204"}],"curies":[{"name":"wp","href":"https:\/\/api.w.org\/{rel}","templated":true}]}}